196.
188
Calculate the remainder when 525 is divided by 24.
21
What is the remainder when 1699 is divided by 27?
25
What is the remainder when 449 is divided by 230?
219
Calculate the remainder when 161 is divided by 54.
53
What is the remainder when 617 is divided by 201?
14
Calculate the remainder when 153 is divided by 22.
21
What is the remainder when 636 is divided by 62?
16
Calculate the remainder when 1421 is divided by 25.
21
What is the remainder when 181 is divided by 24?
13
What is the remainder when 843 is divided by 168?
3
What is the remainder when 7656 is divided by 207?
204
What is the remainder when 318 is divided by 16?
14
Calculate the remainder when 4274 is divided by 91.
88
What is the remainder when 160 is divided by 99?
61
Calculate the remainder when 1343 is divided by 14.
13
What is the remainder when 2194 is divided by 245?
234
Calculate the remainder when 339 is divided by 24.
3
Calculate the remainder when 4640 is divided by 2320.
0
Calculate the remainder when 328 is divided by 15.
13
Calculate the remainder when 18087 is divided by 6.
3
Calculate the remainder when 193 is divided by 22.
17
What is the remainder when 327 is divided by 308?
19
What is the remainder when 175 is divided by 36?
31
What is the remainder when 234 is divided by 25?
9
Calculate the remainder when 221 is divided by 104.
13
Calculate the remainder when 742 is divided by 190.
172
What is the remainder when 61 is divided by 8?
5
What is the remainder when 221 is divided by 61?
38
Calculate the remainder when 14 is divided by 3.
2
What is the remainder when 53 is divided by 20?
13
What is the remainder when 973 is divided by 191?
18
What is the remainder when 278 is divided by 14?
12
What is the remainder when 579 is divided by 149?
132
What is the remainder when 27 is divided by 11?
5
Calculate the remainder when 6508 is divided by 14.
12
Calculate the remainder when 1067 is divided by 55.
22
Calculate the remainder when 628 is divided by 63.
61
Calculate the remainder when 751 is divided by 76.
67
What is the remainder when 457 is divided by 27?
25
Calculate the remainder when 1225 is divided by 1225.
0
What is the remainder when 5110 is divided by 19?
18
Calculate the remainder when 49 is divided by 47.
2
Calculate the remainder when 1256 is divided by 51.
32
What is the remainder when 1116 is divided by 86?
84
What is the remainder when 140 is divided by 65?
10
Calculate the remainder when 763 is divided by 32.
27
Calculate the remainder when 165 is divided by 149.
16
What is the remainder when 1017 is divided by 45?
27
What is the remainder when 114 is divided by 28?
2
What is the remainder when 1572 is divided by 83?
78
What is the remainder when 36 is divided by 30?
6
What is the remainder when 922 is divided by 304?
10
Calculate the remainder when 906 is divided by 13.
9
What is the remainder when 259 is divided by 141?
118
What is the remainder when 547 is divided by 2?
1
Calculate the remainder when 333 is divided by 54.
9
Calculate the remainder when 407 is divided by 40.
7
Calculate the remainder when 37 is divided by 9.
1
Calculate the remainder when 120 is divided by 3.
0
Calculate the remainder when 600 is divided by 67.
64
Calculate the remainder when 1025 is divided by 27.
26
What is the remainder when 642 is divided by 27?
21
Calculate the remainder when 148 is divided by 39.
31
Calculate the remainder when 1084 is divided by 1072.
12
What is the remainder when 410 is divided by 59?
56
What is the remainder when 263 is divided by 27?
20
What is the remainder when 42 is divided by 21?
0
Calculate the remainder when 446 is divided by 148.
2
Calculate the remainder when 366 is divided by 51.
9
Calculate the remainder when 1171 is divided by 84.
79
Calculate the remainder when 1417 is divided by 352.
9
Calculate the remainder when 153 is divided by 24.
9
What is the remainder when 111 is divided by 18?
3
Calculate the remainder when 426 is divided by 317.
109
Calculate the remainder when 628 is divided by 21.
19
What is the remainder when 12126 is divided by 67?
66
What is the remainder when 7477 is divided by 110?
107
Calculate the remainder when 578 is divided by 7.
4
Calculate the remainder when 69 is divided by 45.
24
Calculate the remainder when 722 is divided by 33.
29
Calculate the remainder when 2678 is divided by 19.
18
What is the remainder when 357 is divided by 12?
9
Calculate the remainder when 737 is divided by 37.
34
What is the remainder when 200 is divided by 77?
46
Calculate the remainder when 50 is divided by 9.
5
What is the remainder when 34 is divided by 19?
15
Calculate the remainder when 19 is divided by 3.
1
Calculate the remainder when 130 is divided by 43.
1
Calculate the remainder when 132 is divided by 45.
42
Calculate the remainder when 132 is divided by 26.
2
Calculate the remainder when 1100 is divided by 27.
20
Calculate the remainder when 1031 is divided by 22.
19
Calculate the remainder when 587 is divided by 5.
2
What is the remainder when 204 is divided by 108?
96
Calculate the remainder when 673 is divided by 31.
22
Calculate the remainder when 103 is divided by 18.
13
Calculate the remainder when 235 is divided by 17.
14
Calculate the remainder when 170 is divided by 65.
40
What is the remainder when 139 is divided by 35?
34
What is the remainder when 2783 is divided by 49?
39
Calculate the remainder when 2024 is divided by 52.
48
What is the remainder when 21639 is divided by 17?
15
What is the remainder when 3806 is divided by 14?
12
Calculate the remainder when 7 is divided by 4.
3
What is the remainder when 7 is divided by 7?
0
What is the remainder when 85 is divided by 83?
2
What is the remainder when 1319 is divided by 193?
161
What is the remainder when 75 is divided by 10?
5
What is the remainder when 513 is divided by 227?
59
Calculate the remainder when 117 is divided by 62.
55
Calculate the remainder when 118 is divided by 10.
8
Calculate the remainder when 89 is divided by 13.
11
What is the remainder when 4373 is divided by 16?
5
Calculate the remainder when 114 is divided by 24.
18
What is the remainder when 382 is divided by 32?
30
What is the remainder when 172 is divided by 51?
19
What is the remainder when 899 is divided by 163?
84
What is the remainder when 14 is divided by 2?
0
Calculate the remainder when 252 is divided by 25.
2
What is the remainder when 304 is divided by 81?
61
Calculate the remainder when 189 is divided by 175.
14
Calculate the remainder when 183 is divided by 38.
31
What is the remainder when 2654 is divided by 15?
14
Calculate the remainder when 60 is divided by 25.
10
Calculate the remainder when 41 is divided by 22.
19
What is the remainder when 17216 is divided by 82?
78
Calculate the remainder when 81 is divided by 64.
17
What is the remainder when 61 is divided by 2?
1
Calculate the remainder when 42922 is divided by 42.
40
Calculate the remainder when 2245 is divided by 87.
70
What is the remainder when 252 is divided by 49?
7
Calculate the remainder when 203 is divided by 85.
33
Calculate the remainder when 1070 is divided by 14.
6
Calculate the remainder when 62 is divided by 33.
29
Calculate the remainder when 421 is divided by 75.
46
What is the remainder when 808 is divided by 207?
187
What is the remainder when 136 is divided by 38?
22
Calculate the remainder when 332 is divided by 37.
36
Calculate the remainder when 54 is divided by 28.
26
Calculate the remainder when 275 is divided by 140.
135
What is the remainder when 21173 is divided by 175?
173
What is the remainder when 8892 is divided by 31?
26
Calculate the remainder when 8864 is divided by 39.
11
What is the remainder when 173 is divided by 8?
5
Calculate the remainder when 1890 is divided by 11.
9
Calculate the remainder when 535 is divided by 138.
121
Calculate the remainder when 155 is divided by 22.
1
What is the remainder when 98 is divided by 86?
12
Calculate the remainder when 776 is divided by 742.
34
What is the remainder when 162 is divided by 41?
39
Calculate the remainder when 3078 is divided by 55.
53
What is the remainder when 141 is divided by 16?
13
What is the remainder when 1582 is divided by 36?
34
Calculate the remainder when 1384 is divided by 9.
7
Cal